{"id":282,"date":"2024-02-13T16:43:20","date_gmt":"2024-02-13T15:43:20","guid":{"rendered":"https:\/\/www.iso2000-fermetures.com\/?page_id=282"},"modified":"2024-02-13T16:50:56","modified_gmt":"2024-02-13T15:50:56","slug":"mentions-legales","status":"publish","type":"page","link":"https:\/\/www.iso2000-fermetures.com\/index.php\/mentions-legales\/","title":{"rendered":"Mentions l\u00e9gales"},"content":{"rendered":"<style>.kb-row-layout-id282_eb798d-6d > .kt-row-column-wrap{align-content:start;}:where(.kb-row-layout-id282_eb798d-6d > .kt-row-column-wrap) > .wp-block-kadence-column{justify-content:start;}.kb-row-layout-id282_eb798d-6d > .kt-row-column-wrap{column-gap:var(--global-kb-gap-md, 2rem);row-gap:var(--global-kb-gap-md, 2rem);padding-top:var(--global-kb-spacing-sm, 1.5rem);padding-bottom:var(--global-kb-spacing-sm, 1.5rem);grid-template-columns:minmax(0, calc(70% - ((var(--global-kb-gap-md, 2rem) * 1 )\/2))) minmax(0, calc(30% - ((var(--global-kb-gap-md, 2rem) * 1 )\/2)));}.kb-row-layout-id282_eb798d-6d > .kt-row-layout-overlay{opacity:0.30;}@media all and (max-width: 1024px){.kb-row-layout-id282_eb798d-6d > .kt-row-column-wrap{grid-template-columns:repeat(2, minmax(0, 1fr));}}@media all and (max-width: 767px){.kb-row-layout-id282_eb798d-6d > .kt-row-column-wrap{grid-template-columns:minmax(0, 1fr);}}<\/style><div class=\"kb-row-layout-wrap kb-row-layout-id282_eb798d-6d alignnone wp-block-kadence-rowlayout\"><div class=\"kt-row-column-wrap kt-has-2-columns kt-row-layout-equal kt-tab-layout-inherit kt-mobile-layout-row kt-row-valign-top\">\n<style>.kadence-column282_f00348-b2 > .kt-inside-inner-col,.kadence-column282_f00348-b2 > .kt-inside-inner-col:before{border-top-left-radius:0px;border-top-right-radius:0px;border-bottom-right-radius:0px;border-bottom-left-radius:0px;}.kadence-column282_f00348-b2 > .kt-inside-inner-col{column-gap:var(--global-kb-gap-sm, 1rem);}.kadence-column282_f00348-b2 > .kt-inside-inner-col{flex-direction:column;}.kadence-column282_f00348-b2 > .kt-inside-inner-col > .aligncenter{width:100%;}.kadence-column282_f00348-b2 > .kt-inside-inner-col:before{opacity:0.3;}.kadence-column282_f00348-b2{position:relative;}@media all and (max-width: 1024px){.kadence-column282_f00348-b2 > .kt-inside-inner-col{flex-direction:column;}}@media all and (max-width: 767px){.kadence-column282_f00348-b2 > .kt-inside-inner-col{flex-direction:column;}}<\/style>\n<div class=\"wp-block-kadence-column kadence-column282_f00348-b2\"><div class=\"kt-inside-inner-col\">\n<p><strong>Editeur du site<\/strong><\/p>\n\n\n\n<p>Le site <strong>www.iso2000-fermetures.fr<\/strong> appartient \u00e0 la soci\u00e9t\u00e9 <strong>ARTISAL ISO 2000 FERMETURES<\/strong>,&nbsp;SAS, soci\u00e9t\u00e9 par actions simplifi\u00e9e au capital de 135 000,00 \u20ac, situ\u00e9e au 8 rue de l&rsquo;Oberlach,&nbsp;68520 Burnhaupt-le-Bas, et enregistr\u00e9e au R.C.S. de&nbsp;Mulhouse sous le num\u00e9ro&nbsp;B 328 022 793 (FR93 328 022 793).<\/p>\n\n\n\n<p>Le&nbsp;<strong>directeur de la publication<\/strong> est Monsieur&nbsp;Roger&nbsp;Battmann.<\/p>\n\n\n\n<p>Vous pouvez nous contacter par mail \u00e0 l\u2019adresse mail suivante&nbsp;contact@iso2000-fermetures.fr ou par t\u00e9l\u00e9phone au 03 89 62 72 72.<\/p>\n\n\n\n<p><strong>H\u00e9bergement du site<\/strong><\/p>\n\n\n\n<p>Le prestataire des services d\u2019h\u00e9bergement du site est la soci\u00e9t\u00e9<strong>\u00a0OVH<\/strong>\u00a0situ\u00e9e au\u00a02 rue Kellermann &#8211; 59100 Roubaix &#8211; France<\/p>\n\n\n\n<p><strong>Liste d\u2019opposition Bloctel.<\/strong><\/p>\n\n\n\n<p>Tout consommateur ne souhaitant pas faire l\u2019objet de prospection commerciale par voie t\u00e9l\u00e9phonique peut s\u2019inscrire gratuitement sur la liste d\u2019opposition au d\u00e9marchage pr\u00e9vue par l\u2019article L. 223-1 du Code de la consommation.<\/p>\n\n\n\n<p>L\u2019inscription peut \u00eatre effectu\u00e9e :<\/p>\n\n\n\n<ul class=\"wp-block-list\">\n<li>directement sur le site Bloctel : <a href=\"https:\/\/inscription.bloctel.fr\/\">inscription.bloctel.fr\/<\/a><\/li>\n\n\n\n<li>par courrier postal \u00e0 l\u2019adresse Soci\u00e9t\u00e9 Opposetel \u2013 Service Bloctel, 6 rue Nicolas Siret 10 000 Troyes.<\/li>\n<\/ul>\n\n\n\n<p>Les consommateurs inscrits sur Bloctel ne pourront faire l\u2019objet d\u2019un d\u00e9marchage t\u00e9l\u00e9phonique par notre Soci\u00e9t\u00e9.<\/p>\n\n\n\n<p>L\u2019inscription sur la liste est prise en compte dans un d\u00e9lai maximum de 30 jours \u00e0 compter de la confirmation re\u00e7ue par courriel. A compter de cette confirmation, la dur\u00e9e de protection du num\u00e9ro de t\u00e9l\u00e9phone est de 3 ans. En savoir plus sur le fonctionnement du dispositif sur le site <a href=\"https:\/\/conso.bloctel.fr\/\">conso.bloctel.fr\/<\/a>.<\/p>\n\n\n\n<p><strong>Litiges<\/strong><\/p>\n\n\n\n<p>En cas de litige ou de d\u00e9saccord dans l\u2019application du pr\u00e9sent contrat, le consommateur adressera une lettre en RAR \u00e0 l\u2019entreprise qui aura 15 (quinze) jours pour la prise en compte de la demande. Pass\u00e9 ce d\u00e9lai, le consommateur peut saisir le m\u00e9diateur pour trouver un accord amiable et gratuit.<br>Le consommateur a la possibilit\u00e9 de recourir \u00e0 la proc\u00e9dure de M\u00e9diation de la Consommation, Articles L611-1 et suivants Code Consommation :<br><br>BATIRMEDIATION CONSO<br><a href=\"mailto:contact@batirm%C3%A9diation-conso.fr\">contact@batirm\u00e9diation-conso.fr<br><\/a>tel : 07 68 46 59 09<br>par courrier : 834 chemin de Fontanieu 83200 le Revest les Eaux<br><br>Et en cas de contestation de quelque nature que ce soit, en r\u00e9f\u00e9rence des lois fran\u00e7aises applicables, l\u2019attribution de juridiction est du ressort du Tribunal Judiciaire ou des instances comp\u00e9tentes.<br><br><\/p>\n\n\n\n<p><strong>C<\/strong>ookies<\/p>\n\n\n\n<p>Si vous d\u00e9posez un commentaire sur notre site, il vous sera propos\u00e9 d\u2019enregistrer votre nom, adresse e-mail et site dans des cookies. C\u2019est uniquement pour votre confort afin de ne pas avoir \u00e0 saisir ces informations si vous d\u00e9posez un autre commentaire plus tard. Ces cookies expirent au bout d\u2019un an.<\/p>\n\n\n\n<p>Si vous vous rendez sur la page de connexion, un cookie temporaire sera cr\u00e9\u00e9 afin de d\u00e9terminer si votre navigateur accepte les cookies. Il ne contient pas de donn\u00e9es personnelles et sera supprim\u00e9 automatiquement \u00e0 la fermeture de votre navigateur.<\/p>\n\n\n\n<p>Lorsque vous vous connecterez, nous mettrons en place un certain nombre de cookies pour enregistrer vos informations de connexion et vos pr\u00e9f\u00e9rences d\u2019\u00e9cran. La dur\u00e9e de vie d\u2019un cookie de connexion est de deux jours, celle d\u2019un cookie d\u2019option d\u2019\u00e9cran est d\u2019un an. Si vous cochez \u00ab&nbsp;Se souvenir de moi&nbsp;\u00bb, votre cookie de connexion sera conserv\u00e9 pendant deux semaines. Si vous vous d\u00e9connectez de votre compte, le cookie de connexion sera effac\u00e9.<\/p>\n\n\n\n<p>En modifiant ou en publiant une publication, un cookie suppl\u00e9mentaire sera enregistr\u00e9 dans votre navigateur. Ce cookie ne comprend aucune donn\u00e9e personnelle. Il indique simplement l\u2019ID de la publication que vous venez de modifier. Il expire au bout d\u2019un jour.<\/p>\n<\/div><\/div>\n\n\n<style>.kadence-column282_d1946d-db > .kt-inside-inner-col,.kadence-column282_d1946d-db > .kt-inside-inner-col:before{border-top-left-radius:0px;border-top-right-radius:0px;border-bottom-right-radius:0px;border-bottom-left-radius:0px;}.kadence-column282_d1946d-db > .kt-inside-inner-col{column-gap:var(--global-kb-gap-sm, 1rem);}.kadence-column282_d1946d-db > .kt-inside-inner-col{flex-direction:column;}.kadence-column282_d1946d-db > .kt-inside-inner-col > .aligncenter{width:100%;}.kadence-column282_d1946d-db > .kt-inside-inner-col:before{opacity:0.3;}.kadence-column282_d1946d-db{position:relative;}@media all and (max-width: 1024px){.kadence-column282_d1946d-db > .kt-inside-inner-col{flex-direction:column;}}@media all and (max-width: 767px){.kadence-column282_d1946d-db > .kt-inside-inner-col{flex-direction:column;}}<\/style>\n<div class=\"wp-block-kadence-column kadence-column282_d1946d-db\"><div class=\"kt-inside-inner-col\">\n<figure class=\"wp-block-image size-full\"><img loading=\"lazy\" decoding=\"async\" width=\"400\" height=\"590\" src=\"https:\/\/www.iso2000-fermetures.com\/wp-content\/uploads\/2024\/02\/Logo-Artisal-Iso2000.png\" alt=\"Artisal ISO2000\" class=\"wp-image-58\" srcset=\"https:\/\/www.iso2000-fermetures.com\/wp-content\/uploads\/2024\/02\/Logo-Artisal-Iso2000.png 400w, https:\/\/www.iso2000-fermetures.com\/wp-content\/uploads\/2024\/02\/Logo-Artisal-Iso2000-203x300.png 203w\" sizes=\"auto, (max-width: 400px) 100vw, 400px\" \/><\/figure>\n<\/div><\/div>\n\n<\/div><\/div>","protected":false},"excerpt":{"rendered":"<p>Editeur du site Le site www.iso2000-fermetures.fr appartient \u00e0 la soci\u00e9t\u00e9 ARTISAL ISO 2000 FERMETURES,&nbsp;SAS, soci\u00e9t\u00e9 par actions simplifi\u00e9e au capital [&hellip;]<\/p>\n","protected":false},"author":2,"featured_media":0,"parent":0,"menu_order":0,"comment_status":"closed","ping_status":"closed","template":"","meta":{"site-sidebar-layout":"default","site-content-layout":"","ast-site-content-layout":"","site-content-style":"default","site-sidebar-style":"default","ast-global-header-display":"","ast-banner-title-visibility":"","ast-main-header-display":"","ast-hfb-above-header-display":"","ast-hfb-below-header-display":"","ast-hfb-mobile-header-display":"","site-post-title":"","ast-breadcrumbs-content":"","ast-featured-img":"","footer-sml-layout":"","theme-transparent-header-meta":"","adv-header-id-meta":"","stick-header-meta":"","header-above-stick-meta":"","header-main-stick-meta":"","header-below-stick-meta":"","astra-migrate-meta-layouts":"default","ast-page-background-enabled":"default","ast-page-background-meta":{"desktop":{"background-color":"var(--ast-global-color-4)","background-image":"","background-repeat":"repeat","background-position":"center center","background-size":"auto","background-attachment":"scroll","background-type":"","background-media":"","overlay-type":"","overlay-color":"","overlay-gradient":""},"tablet":{"background-color":"","background-image":"","background-repeat":"repeat","background-position":"center center","background-size":"auto","background-attachment":"scroll","background-type":"","background-media":"","overlay-type":"","overlay-color":"","overlay-gradient":""},"mobile":{"background-color":"","background-image":"","background-repeat":"repeat","background-position":"center center","background-size":"auto","background-attachment":"scroll","background-type":"","background-media":"","overlay-type":"","overlay-color":"","overlay-gradient":""}},"ast-content-background-meta":{"desktop":{"background-color":"var(--ast-global-color-5)","background-image":"","background-repeat":"repeat","background-position":"center center","background-size":"auto","background-attachment":"scroll","background-type":"","background-media":"","overlay-type":"","overlay-color":"","overlay-gradient":""},"tablet":{"background-color":"var(--ast-global-color-5)","background-image":"","background-repeat":"repeat","background-position":"center center","background-size":"auto","background-attachment":"scroll","background-type":"","background-media":"","overlay-type":"","overlay-color":"","overlay-gradient":""},"mobile":{"background-color":"var(--ast-global-color-5)","background-image":"","background-repeat":"repeat","background-position":"center center","background-size":"auto","background-attachment":"scroll","background-type":"","background-media":"","overlay-type":"","overlay-color":"","overlay-gradient":""}},"footnotes":""},"class_list":["post-282","page","type-page","status-publish","hentry"],"_links":{"self":[{"href":"https:\/\/www.iso2000-fermetures.com\/index.php\/wp-json\/wp\/v2\/pages\/282","targetHints":{"allow":["GET"]}}],"collection":[{"href":"https:\/\/www.iso2000-fermetures.com\/index.php\/wp-json\/wp\/v2\/pages"}],"about":[{"href":"https:\/\/www.iso2000-fermetures.com\/index.php\/wp-json\/wp\/v2\/types\/page"}],"author":[{"embeddable":true,"href":"https:\/\/www.iso2000-fermetures.com\/index.php\/wp-json\/wp\/v2\/users\/2"}],"replies":[{"embeddable":true,"href":"https:\/\/www.iso2000-fermetures.com\/index.php\/wp-json\/wp\/v2\/comments?post=282"}],"version-history":[{"count":3,"href":"https:\/\/www.iso2000-fermetures.com\/index.php\/wp-json\/wp\/v2\/pages\/282\/revisions"}],"predecessor-version":[{"id":285,"href":"https:\/\/www.iso2000-fermetures.com\/index.php\/wp-json\/wp\/v2\/pages\/282\/revisions\/285"}],"wp:attachment":[{"href":"https:\/\/www.iso2000-fermetures.com\/index.php\/wp-json\/wp\/v2\/media?parent=282"}],"curies":[{"name":"wp","href":"https:\/\/api.w.org\/{rel}","templated":true}]}}