{"id":174,"date":"2024-02-11T19:59:13","date_gmt":"2024-02-11T18:59:13","guid":{"rendered":"https:\/\/www.iso2000-fermetures.com\/?page_id=174"},"modified":"2024-02-18T18:48:34","modified_gmt":"2024-02-18T17:48:34","slug":"portes-dentrees-pvc","status":"publish","type":"page","link":"https:\/\/www.iso2000-fermetures.com\/index.php\/portes-dentrees-pvc\/","title":{"rendered":"Volets Roulants"},"content":{"rendered":"<style>.kb-row-layout-id174_55d8fc-67 > .kt-row-column-wrap{align-content:start;}:where(.kb-row-layout-id174_55d8fc-67 > .kt-row-column-wrap) > .wp-block-kadence-column{justify-content:start;}.kb-row-layout-id174_55d8fc-67 > .kt-row-column-wrap{column-gap:var(--global-kb-gap-md, 2rem);row-gap:var(--global-kb-gap-md, 2rem);padding-top:var(--global-kb-spacing-sm, 1.5rem);padding-bottom:var(--global-kb-spacing-sm, 1.5rem);grid-template-columns:minmax(0, 1fr);}.kb-row-layout-id174_55d8fc-67 > .kt-row-layout-overlay{opacity:0.30;}@media all and (max-width: 1024px){.kb-row-layout-id174_55d8fc-67 > .kt-row-column-wrap{grid-template-columns:minmax(0, 1fr);}}@media all and (max-width: 767px){.kb-row-layout-id174_55d8fc-67 > .kt-row-column-wrap{grid-template-columns:minmax(0, 1fr);}}<\/style><div class=\"kb-row-layout-wrap kb-row-layout-id174_55d8fc-67 alignnone wp-block-kadence-rowlayout\"><div class=\"kt-row-column-wrap kt-has-1-columns kt-row-layout-equal kt-tab-layout-inherit kt-mobile-layout-row kt-row-valign-top\">\n<style>.kadence-column174_784172-7f > .kt-inside-inner-col,.kadence-column174_784172-7f > .kt-inside-inner-col:before{border-top-left-radius:0px;border-top-right-radius:0px;border-bottom-right-radius:0px;border-bottom-left-radius:0px;}.kadence-column174_784172-7f > .kt-inside-inner-col{column-gap:var(--global-kb-gap-sm, 1rem);}.kadence-column174_784172-7f > .kt-inside-inner-col{flex-direction:column;}.kadence-column174_784172-7f > .kt-inside-inner-col > .aligncenter{width:100%;}.kadence-column174_784172-7f > .kt-inside-inner-col:before{opacity:0.3;}.kadence-column174_784172-7f{position:relative;}@media all and (max-width: 1024px){.kadence-column174_784172-7f > .kt-inside-inner-col{flex-direction:column;}}@media all and (max-width: 767px){.kadence-column174_784172-7f > .kt-inside-inner-col{flex-direction:column;}}<\/style>\n<div class=\"wp-block-kadence-column kadence-column174_784172-7f\"><div class=\"kt-inside-inner-col\"><style>.kb-row-layout-wrap.wp-block-kadence-rowlayout.kb-row-layout-id174_2df41f-cc{margin-top:0px;margin-bottom:0px;}.kb-row-layout-id174_2df41f-cc > .kt-row-column-wrap{align-content:center;}:where(.kb-row-layout-id174_2df41f-cc > .kt-row-column-wrap) > .wp-block-kadence-column{justify-content:center;}.kb-row-layout-id174_2df41f-cc > .kt-row-column-wrap{column-gap:var(--global-kb-gap-none, 0rem );row-gap:var(--global-kb-gap-md, 2rem);max-width:var(--wp--style--global--content-size);padding-top:var(--global-kb-spacing-5xl, 10rem);padding-bottom:var(--global-kb-spacing-5xl, 10rem);grid-template-columns:minmax(0, 1fr);}.kb-row-layout-id174_2df41f-cc{background-image:url('https:\/\/www.iso2000-fermetures.com\/wp-content\/uploads\/2024\/02\/Porte-pvc.jpg');background-size:cover;background-position:50% 42%;background-attachment:scroll;background-repeat:no-repeat;}.kb-row-layout-id174_2df41f-cc > .kt-row-layout-overlay{opacity:0.90;background:linear-gradient(135deg,rgb(73,197,80) 0%,rgb(15,129,92) 100%);mix-blend-mode:normal;}.kb-row-layout-id174_2df41f-cc .kt-row-layout-bottom-sep{height:100px;}.kb-row-layout-id174_2df41f-cc .kt-row-layout-bottom-sep svg{width:100%;}.kb-row-layout-id174_2df41f-cc .kt-row-layout-bottom-sep svg{fill:var(--global-palette9, #ffffff)!important;}@media all and (max-width: 1024px){.kb-row-layout-id174_2df41f-cc > .kt-row-column-wrap{padding-top:var(--global-kb-spacing-4xl, 8rem);padding-bottom:var(--global-kb-spacing-md, 2rem);grid-template-columns:minmax(0, 1fr);}}@media all and (max-width: 1024px){.kb-row-layout-id174_2df41f-cc .kt-row-layout-bottom-sep{height:px;}}@media all and (max-width: 1024px){.kb-row-layout-id174_2df41f-cc .kt-row-layout-bottom-sep svg{width:%;}}@media all and (max-width: 767px){.kb-row-layout-id174_2df41f-cc > .kt-row-column-wrap{padding-top:var(--global-kb-spacing-xl, 4rem);padding-bottom:var(--global-kb-spacing-xl, 4rem);grid-template-columns:minmax(0, 1fr);}.kb-row-layout-id174_2df41f-cc .kt-row-layout-bottom-sep{height:px;}.kb-row-layout-id174_2df41f-cc .kt-row-layout-bottom-sep svg{width:%;}}<\/style><div class=\"kb-row-layout-wrap kb-row-layout-id174_2df41f-cc alignfull kt-row-has-bg kb-divider-static wp-block-kadence-rowlayout\"><div class=\"kt-row-layout-overlay kt-row-overlay-gradient\"><\/div><div class=\"kt-row-layout-bottom-sep kt-row-sep-type-sltl\"><svg viewBox=\"0 0 1000 100\" preserveAspectRatio=\"none\"><path d=\"M1000,0l-1000,100l1000,0l0,-100Z\" \/><\/svg><\/div><div class=\"kt-row-column-wrap kt-has-1-columns kt-row-layout-equal kt-tab-layout-inherit kt-mobile-layout-row kt-row-valign-middle kb-theme-content-width\">\n<style>.kadence-column174_85f091-f4 > .kt-inside-inner-col,.kadence-column174_85f091-f4 > .kt-inside-inner-col:before{border-top-left-radius:0px;border-top-right-radius:0px;border-bottom-right-radius:0px;border-bottom-left-radius:0px;}.kadence-column174_85f091-f4 > .kt-inside-inner-col{column-gap:var(--global-kb-gap-sm, 1rem);}.kadence-column174_85f091-f4 > .kt-inside-inner-col{flex-direction:column;}.kadence-column174_85f091-f4 > .kt-inside-inner-col > .aligncenter{width:100%;}.kadence-column174_85f091-f4 > .kt-inside-inner-col:before{opacity:0.3;}.kadence-column174_85f091-f4{position:relative;}@media all and (max-width: 1024px){.kadence-column174_85f091-f4 > .kt-inside-inner-col{flex-direction:column;}}@media all and (max-width: 767px){.kadence-column174_85f091-f4 > .kt-inside-inner-col{flex-direction:column;}}<\/style>\n<div class=\"wp-block-kadence-column kadence-column174_85f091-f4 inner-column-1\"><div class=\"kt-inside-inner-col\"><style>.wp-block-kadence-advancedheading.kt-adv-heading174_51b92a-23, .wp-block-kadence-advancedheading.kt-adv-heading174_51b92a-23[data-kb-block=\"kb-adv-heading174_51b92a-23\"]{font-size:80px;line-height:1.1;font-style:normal;letter-spacing:-2px;color:var(--global-palette9, #ffffff);}.wp-block-kadence-advancedheading.kt-adv-heading174_51b92a-23 mark, .wp-block-kadence-advancedheading.kt-adv-heading174_51b92a-23[data-kb-block=\"kb-adv-heading174_51b92a-23\"] mark{font-style:normal;color:#f76a0c;padding-top:0px;padding-right:0px;padding-bottom:0px;padding-left:0px;}@media all and (max-width: 1024px){.wp-block-kadence-advancedheading.kt-adv-heading174_51b92a-23, .wp-block-kadence-advancedheading.kt-adv-heading174_51b92a-23[data-kb-block=\"kb-adv-heading174_51b92a-23\"]{letter-spacing:-1px;font-size:var(--global-kb-font-size-xxl, 4rem);line-height:1.3;}}@media all and (max-width: 767px){.wp-block-kadence-advancedheading.kt-adv-heading174_51b92a-23, .wp-block-kadence-advancedheading.kt-adv-heading174_51b92a-23[data-kb-block=\"kb-adv-heading174_51b92a-23\"]{font-size:45px;}}<\/style>\n<h1 class=\"kt-adv-heading174_51b92a-23 wp-block-kadence-advancedheading has-theme-palette-9-color has-text-color\" data-kb-block=\"kb-adv-heading174_51b92a-23\">Nos Volets Roulants<\/h1>\n<\/div><\/div>\n\n\n<style>.kadence-column174_baecfc-e3 > .kt-inside-inner-col,.kadence-column174_baecfc-e3 > .kt-inside-inner-col:before{border-top-left-radius:0px;border-top-right-radius:0px;border-bottom-right-radius:0px;border-bottom-left-radius:0px;}.kadence-column174_baecfc-e3 > .kt-inside-inner-col{column-gap:var(--global-kb-gap-sm, 1rem);}.kadence-column174_baecfc-e3 > .kt-inside-inner-col{flex-direction:column;}.kadence-column174_baecfc-e3 > .kt-inside-inner-col > .aligncenter{width:100%;}.kadence-column174_baecfc-e3 > .kt-inside-inner-col:before{opacity:0.3;}.kadence-column174_baecfc-e3{position:relative;}@media all and (max-width: 1024px){.kadence-column174_baecfc-e3 > .kt-inside-inner-col{flex-direction:column;}}@media all and (max-width: 767px){.kadence-column174_baecfc-e3 > .kt-inside-inner-col{flex-direction:column;}}<\/style>\n<div class=\"wp-block-kadence-column kadence-column174_baecfc-e3 inner-column-2\"><div class=\"kt-inside-inner-col\"><\/div><\/div>\n\n<\/div><\/div><\/div><\/div>\n\n<\/div><\/div>\n\n<style>.kb-row-layout-id174_08727f-20 > .kt-row-column-wrap{align-content:center;}:where(.kb-row-layout-id174_08727f-20 > .kt-row-column-wrap) > .wp-block-kadence-column{justify-content:center;}.kb-row-layout-id174_08727f-20 > .kt-row-column-wrap{column-gap:var(--global-kb-gap-none, 0rem );row-gap:var(--global-kb-gap-md, 2rem);max-width:var(--wp--style--global--content-size);padding-top:var(--global-kb-spacing-xxl, 5rem);padding-bottom:var(--global-kb-spacing-xxl, 5rem);grid-template-columns:minmax(0, calc(40.7% - ((var(--global-kb-gap-none, 0rem ) * 1 )\/2))) minmax(0, calc(59.3% - ((var(--global-kb-gap-none, 0rem ) * 1 )\/2)));}.kb-row-layout-id174_08727f-20{background-color:var(--global-palette9, #ffffff);}.kb-row-layout-id174_08727f-20 > .kt-row-layout-overlay{opacity:0.30;}@media all and (max-width: 1024px){.kb-row-layout-id174_08727f-20 > .kt-row-column-wrap{grid-template-columns:minmax(0, 1fr);}}@media all and (max-width: 1024px){.kb-row-layout-id174_08727f-20 > .kt-row-column-wrap > .wp-block-kadence-column:nth-child(1){order:2;}}@media all and (max-width: 1024px){.kb-row-layout-id174_08727f-20 > .kt-row-column-wrap > .wp-block-kadence-column:nth-child(2){order:1;}}@media all and (max-width: 1024px){.kb-row-layout-id174_08727f-20 > .kt-row-column-wrap > .wp-block-kadence-column:nth-child(3){order:12;}}@media all and (max-width: 1024px){.kb-row-layout-id174_08727f-20 > .kt-row-column-wrap > .wp-block-kadence-column:nth-child(4){order:11;}}@media all and (max-width: 1024px){.kb-row-layout-id174_08727f-20 > .kt-row-column-wrap > .wp-block-kadence-column:nth-child(5){order:22;}}@media all and (max-width: 1024px){.kb-row-layout-id174_08727f-20 > .kt-row-column-wrap > .wp-block-kadence-column:nth-child(6){order:21;}}@media all and (max-width: 1024px){.kb-row-layout-id174_08727f-20 > .kt-row-column-wrap > .wp-block-kadence-column:nth-child(7){order:32;}}@media all and (max-width: 1024px){.kb-row-layout-id174_08727f-20 > .kt-row-column-wrap > .wp-block-kadence-column:nth-child(8){order:31;}}@media all and (max-width: 767px){.kb-row-layout-id174_08727f-20 > .kt-row-column-wrap{grid-template-columns:minmax(0, 1fr);}.kb-row-layout-id174_08727f-20 > .kt-row-column-wrap > .wp-block-kadence-column:nth-child(1){order:2;}.kb-row-layout-id174_08727f-20 > .kt-row-column-wrap > .wp-block-kadence-column:nth-child(2){order:1;}.kb-row-layout-id174_08727f-20 > .kt-row-column-wrap > .wp-block-kadence-column:nth-child(3){order:12;}.kb-row-layout-id174_08727f-20 > .kt-row-column-wrap > .wp-block-kadence-column:nth-child(4){order:11;}.kb-row-layout-id174_08727f-20 > .kt-row-column-wrap > .wp-block-kadence-column:nth-child(5){order:22;}.kb-row-layout-id174_08727f-20 > .kt-row-column-wrap > .wp-block-kadence-column:nth-child(6){order:21;}.kb-row-layout-id174_08727f-20 > .kt-row-column-wrap > .wp-block-kadence-column:nth-child(7){order:32;}.kb-row-layout-id174_08727f-20 > .kt-row-column-wrap > .wp-block-kadence-column:nth-child(8){order:31;}}<\/style><div class=\"kb-row-layout-wrap kb-row-layout-id174_08727f-20 alignfull has-theme-palette9-background-color kt-row-has-bg wp-block-kadence-rowlayout\"><div class=\"kt-row-column-wrap kt-has-2-columns kt-row-layout-equal kt-tab-layout-row kt-mobile-layout-row kt-row-valign-middle kb-theme-content-width\">\n<style>.kadence-column174_536435-2b, .kt-inside-inner-col > .kadence-column174_536435-2b:not(.specificity){margin-top:0px;margin-right:0px;margin-bottom:0px;margin-left:0px;}.kadence-column174_536435-2b > .kt-inside-inner-col,.kadence-column174_536435-2b > .kt-inside-inner-col:before{border-top-left-radius:0px;border-top-right-radius:0px;border-bottom-right-radius:0px;border-bottom-left-radius:0px;}.kadence-column174_536435-2b > .kt-inside-inner-col{column-gap:var(--global-kb-gap-sm, 1rem);}.kadence-column174_536435-2b > .kt-inside-inner-col{flex-direction:column;}.kadence-column174_536435-2b > .kt-inside-inner-col > .aligncenter{width:100%;}.kadence-column174_536435-2b > .kt-inside-inner-col:before{opacity:0.3;}.kadence-column174_536435-2b{position:relative;}@media all and (max-width: 1024px){.kadence-column174_536435-2b > .kt-inside-inner-col{padding-right:var(--global-kb-spacing-xs, 1rem);padding-left:var(--global-kb-spacing-xs, 1rem);flex-direction:column;}}@media all and (max-width: 767px){.kadence-column174_536435-2b > .kt-inside-inner-col{padding-right:var(--global-kb-spacing-xxs, 0.5rem);padding-left:var(--global-kb-spacing-xxs, 0.5rem);flex-direction:column;}}<\/style>\n<div class=\"wp-block-kadence-column kadence-column174_536435-2b inner-column-1\"><div class=\"kt-inside-inner-col\"><style>.kb-image174_85e185-35 .kb-image-has-overlay:after{opacity:0.3;}<\/style>\n<figure class=\"wp-block-kadence-image kb-image174_85e185-35 size-large\"><img loading=\"lazy\" decoding=\"async\" width=\"1024\" height=\"743\" src=\"https:\/\/www.iso2000-fermetures.com\/wp-content\/uploads\/2024\/02\/voletroulant-1024x743.png\" alt=\"\" class=\"kb-img wp-image-212\" srcset=\"https:\/\/www.iso2000-fermetures.com\/wp-content\/uploads\/2024\/02\/voletroulant-1024x743.png 1024w, https:\/\/www.iso2000-fermetures.com\/wp-content\/uploads\/2024\/02\/voletroulant-300x218.png 300w, https:\/\/www.iso2000-fermetures.com\/wp-content\/uploads\/2024\/02\/voletroulant-768x557.png 768w, https:\/\/www.iso2000-fermetures.com\/wp-content\/uploads\/2024\/02\/voletroulant-1536x1115.png 1536w, https:\/\/www.iso2000-fermetures.com\/wp-content\/uploads\/2024\/02\/voletroulant.png 1824w\" sizes=\"auto, (max-width: 1024px) 100vw, 1024px\" \/><\/figure>\n<\/div><\/div>\n\n\n<style>.kadence-column174_2590d8-2f, .kt-inside-inner-col > .kadence-column174_2590d8-2f:not(.specificity){margin-left:var(--global-kb-spacing-xxl, 5rem);}.kadence-column174_2590d8-2f > .kt-inside-inner-col,.kadence-column174_2590d8-2f > .kt-inside-inner-col:before{border-top-left-radius:0px;border-top-right-radius:0px;border-bottom-right-radius:0px;border-bottom-left-radius:0px;}.kadence-column174_2590d8-2f > .kt-inside-inner-col{column-gap:var(--global-kb-gap-sm, 1rem);}.kadence-column174_2590d8-2f > .kt-inside-inner-col{flex-direction:column;}.kadence-column174_2590d8-2f > .kt-inside-inner-col > .aligncenter{width:100%;}.kadence-column174_2590d8-2f > .kt-inside-inner-col:before{opacity:0.3;}.kadence-column174_2590d8-2f{position:relative;}@media all and (max-width: 1024px){.kadence-column174_2590d8-2f, .kt-inside-inner-col > .kadence-column174_2590d8-2f:not(.specificity){margin-right:0px;margin-bottom:var(--global-kb-spacing-md, 2rem);margin-left:0px;}}@media all and (max-width: 1024px){.kadence-column174_2590d8-2f > .kt-inside-inner-col{padding-right:var(--global-kb-spacing-3xl, 6.5rem);padding-left:var(--global-kb-spacing-3xl, 6.5rem);flex-direction:column;}}@media all and (max-width: 767px){.kadence-column174_2590d8-2f > .kt-inside-inner-col{padding-right:var(--global-kb-spacing-xxs, 0.5rem);padding-left:var(--global-kb-spacing-xxs, 0.5rem);flex-direction:column;}}<\/style>\n<div class=\"wp-block-kadence-column kadence-column174_2590d8-2f inner-column-2\"><div class=\"kt-inside-inner-col\"><style>.wp-block-kadence-advancedheading.kt-adv-heading174_0d814f-bc, .wp-block-kadence-advancedheading.kt-adv-heading174_0d814f-bc[data-kb-block=\"kb-adv-heading174_0d814f-bc\"]{margin-top:0px;margin-bottom:var(--global-kb-spacing-sm, 1.5rem);line-height:1.1;font-weight:500;font-style:normal;color:var(--global-palette1, #3182CE);}.wp-block-kadence-advancedheading.kt-adv-heading174_0d814f-bc mark, .wp-block-kadence-advancedheading.kt-adv-heading174_0d814f-bc[data-kb-block=\"kb-adv-heading174_0d814f-bc\"] mark{font-style:normal;color:#f76a0c;padding-top:0px;padding-right:0px;padding-bottom:0px;padding-left:0px;}<\/style>\n<div class=\"kt-adv-heading174_0d814f-bc wp-block-kadence-advancedheading has-theme-palette-1-color has-text-color\" data-kb-block=\"kb-adv-heading174_0d814f-bc\">ARTISA &#8211; ISO2000 FERMETURES<\/div>\n\n\n<style>.wp-block-kadence-advancedheading.kt-adv-heading174_8250d2-c6, .wp-block-kadence-advancedheading.kt-adv-heading174_8250d2-c6[data-kb-block=\"kb-adv-heading174_8250d2-c6\"]{margin-top:0px;margin-bottom:var(--global-kb-spacing-sm, 1.5rem);font-size:var(--global-kb-font-size-lg, 2rem);line-height:1.3;font-style:normal;color:var(--global-palette3, #1A202C);}.wp-block-kadence-advancedheading.kt-adv-heading174_8250d2-c6 mark, .wp-block-kadence-advancedheading.kt-adv-heading174_8250d2-c6[data-kb-block=\"kb-adv-heading174_8250d2-c6\"] mark{font-style:normal;color:#f76a0c;padding-top:0px;padding-right:0px;padding-bottom:0px;padding-left:0px;}<\/style>\n<h3 class=\"kt-adv-heading174_8250d2-c6 wp-block-kadence-advancedheading has-theme-palette-3-color has-text-color\" data-kb-block=\"kb-adv-heading174_8250d2-c6\">Pose de Volets Battants en Aluminium Sur-Mesure \u00e0 Burnhaupt-le-bas (Haut-Rhin) &#8211; Artisal ISO 2000.<\/h3>\n\n\n\n<p>Opter pour un volet battant en aluminium offre de nombreux avantages. En plus d&rsquo;am\u00e9liorer le confort de votre maison, ils renforcent \u00e9galement son isolation phonique et thermique, tout en garantissant votre s\u00e9curit\u00e9. R\u00e9sistants aux intemp\u00e9ries et \u00e0 la corrosion, nos volets en aluminium sont une solution durable pour votre habitat.\u00a0\u00bb<\/p>\n\n\n\n<p><strong>Large choix de styles de volets :<\/strong><\/p>\n\n\n\n<p>\u00ab\u00a0Chez Artisal ISO 2000, nous vous proposons une large gamme de styles de volets battants en aluminium pour r\u00e9pondre \u00e0 toutes vos pr\u00e9f\u00e9rences esth\u00e9tiques. Que vous recherchiez un design classique ou contemporain, des lames horizontales ou des volets pleins, nous avons ce qu&rsquo;il vous faut. De plus, nos volets peuvent \u00eatre \u00e9quip\u00e9s d&rsquo;une motorisation Somfy Yslo pour un confort maximal.\u00a0\u00bb<\/p>\n\n\n\n<p><strong>Notre expertise et notre zone d&rsquo;intervention :<\/strong><\/p>\n\n\n\n<p>\u00ab\u00a0Fort de notre exp\u00e9rience de plus de 30 ans dans le domaine des fermetures de l&rsquo;habitat, Artisal ISO 2000 assure un travail soign\u00e9 et professionnel. Notre \u00e9quipe de poseurs exp\u00e9riment\u00e9s intervient dans toute la r\u00e9gion du Grand Est et de la Bourgogne, couvrant notamment le Haut-Rhin, le Bas-Rhin, le Territoire-de-Belfort, la Haute-Sa\u00f4ne, le Doubs et le Jura.\u00a0\u00bb<\/p>\n\n\n\n<p><strong>Conclusion :<\/strong><\/p>\n\n\n\n<p>\u00ab\u00a0N&rsquo;h\u00e9sitez pas \u00e0 contacter Artisal ISO 2000 d\u00e8s aujourd&rsquo;hui pour la pose de vos volets battants en aluminium sur mesure. Profitez de notre savoir-faire et de notre expertise pour embellir et s\u00e9curiser votre habitat avec des solutions de qualit\u00e9 et durables<\/p>\n<\/div><\/div>\n\n<\/div><\/div>\n\n<style>.kb-row-layout-id174_df0488-18 > .kt-row-column-wrap{align-content:start;}:where(.kb-row-layout-id174_df0488-18 > .kt-row-column-wrap) > .wp-block-kadence-column{justify-content:start;}.kb-row-layout-id174_df0488-18 > .kt-row-column-wrap{column-gap:var(--global-kb-gap-md, 2rem);row-gap:var(--global-kb-gap-md, 2rem);max-width:var(--wp--style--global--content-size);padding-top:var(--global-kb-spacing-sm, 1.5rem);padding-bottom:var(--global-kb-spacing-sm, 1.5rem);grid-template-columns:minmax(0, 1fr);}.kb-row-layout-id174_df0488-18{background-color:var(--global-palette9, #ffffff);}.kb-row-layout-id174_df0488-18 > .kt-row-layout-overlay{opacity:0.30;}@media all and (max-width: 1024px){.kb-row-layout-id174_df0488-18 > .kt-row-column-wrap{grid-template-columns:minmax(0, 1fr);}}@media all and (max-width: 767px){.kb-row-layout-id174_df0488-18 > .kt-row-column-wrap{grid-template-columns:minmax(0, 1fr);}}<\/style><div class=\"kb-row-layout-wrap kb-row-layout-id174_df0488-18 alignfull has-theme-palette9-background-color kt-row-has-bg wp-block-kadence-rowlayout\"><div class=\"kt-row-column-wrap kt-has-1-columns kt-row-layout-equal kt-tab-layout-inherit kt-mobile-layout-row kt-row-valign-top kb-theme-content-width\">\n<style>.kadence-column174_c3258c-f9 > .kt-inside-inner-col,.kadence-column174_c3258c-f9 > .kt-inside-inner-col:before{border-top-left-radius:0px;border-top-right-radius:0px;border-bottom-right-radius:0px;border-bottom-left-radius:0px;}.kadence-column174_c3258c-f9 > .kt-inside-inner-col{column-gap:var(--global-kb-gap-sm, 1rem);}.kadence-column174_c3258c-f9 > .kt-inside-inner-col{flex-direction:column;}.kadence-column174_c3258c-f9 > .kt-inside-inner-col > .aligncenter{width:100%;}.kadence-column174_c3258c-f9 > .kt-inside-inner-col:before{opacity:0.3;}.kadence-column174_c3258c-f9{position:relative;}@media all and (max-width: 1024px){.kadence-column174_c3258c-f9 > .kt-inside-inner-col{flex-direction:column;}}@media all and (max-width: 767px){.kadence-column174_c3258c-f9 > .kt-inside-inner-col{flex-direction:column;}}<\/style>\n<div class=\"wp-block-kadence-column kadence-column174_c3258c-f9\"><div class=\"kt-inside-inner-col\"><\/div><\/div>\n\n<\/div><\/div>\n\n\n<figure class=\"wp-block-image aligncenter size-large\"><img loading=\"lazy\" decoding=\"async\" width=\"1024\" height=\"214\" src=\"https:\/\/www.iso2000-fermetures.com\/wp-content\/uploads\/2024\/02\/Pictos-Artisal-1024x214.png\" alt=\"\" class=\"wp-image-72\" srcset=\"https:\/\/www.iso2000-fermetures.com\/wp-content\/uploads\/2024\/02\/Pictos-Artisal-1024x214.png 1024w, https:\/\/www.iso2000-fermetures.com\/wp-content\/uploads\/2024\/02\/Pictos-Artisal-300x63.png 300w, https:\/\/www.iso2000-fermetures.com\/wp-content\/uploads\/2024\/02\/Pictos-Artisal-768x160.png 768w, https:\/\/www.iso2000-fermetures.com\/wp-content\/uploads\/2024\/02\/Pictos-Artisal-1536x321.png 1536w, https:\/\/www.iso2000-fermetures.com\/wp-content\/uploads\/2024\/02\/Pictos-Artisal-2048x427.png 2048w\" sizes=\"auto, (max-width: 1024px) 100vw, 1024px\" \/><\/figure>\n","protected":false},"excerpt":{"rendered":"<p>Nos Volets Roulants ARTISA &#8211; ISO2000 FERMETURES Pose de Volets Battants en Aluminium Sur-Mesure \u00e0 Burnhaupt-le-bas (Haut-Rhin) &#8211; Artisal ISO [&hellip;]<\/p>\n","protected":false},"author":2,"featured_media":0,"parent":0,"menu_order":0,"comment_status":"closed","ping_status":"closed","template":"","meta":{"site-sidebar-layout":"default","site-content-layout":"","ast-site-content-layout":"","site-content-style":"default","site-sidebar-style":"default","ast-global-header-display":"","ast-banner-title-visibility":"","ast-main-header-display":"","ast-hfb-above-header-display":"","ast-hfb-below-header-display":"","ast-hfb-mobile-header-display":"","site-post-title":"disabled","ast-breadcrumbs-content":"","ast-featured-img":"","footer-sml-layout":"","theme-transparent-header-meta":"","adv-header-id-meta":"","stick-header-meta":"","header-above-stick-meta":"","header-main-stick-meta":"","header-below-stick-meta":"","astra-migrate-meta-layouts":"default","ast-page-background-enabled":"default","ast-page-background-meta":{"desktop":{"background-color":"var(--ast-global-color-4)","background-image":"","background-repeat":"repeat","background-position":"center center","background-size":"auto","background-attachment":"scroll","background-type":"","background-media":"","overlay-type":"","overlay-color":"","overlay-gradient":""},"tablet":{"background-color":"","background-image":"","background-repeat":"repeat","background-position":"center center","background-size":"auto","background-attachment":"scroll","background-type":"","background-media":"","overlay-type":"","overlay-color":"","overlay-gradient":""},"mobile":{"background-color":"","background-image":"","background-repeat":"repeat","background-position":"center center","background-size":"auto","background-attachment":"scroll","background-type":"","background-media":"","overlay-type":"","overlay-color":"","overlay-gradient":""}},"ast-content-background-meta":{"desktop":{"background-color":"var(--ast-global-color-5)","background-image":"","background-repeat":"repeat","background-position":"center center","background-size":"auto","background-attachment":"scroll","background-type":"","background-media":"","overlay-type":"","overlay-color":"","overlay-gradient":""},"tablet":{"background-color":"var(--ast-global-color-5)","background-image":"","background-repeat":"repeat","background-position":"center center","background-size":"auto","background-attachment":"scroll","background-type":"","background-media":"","overlay-type":"","overlay-color":"","overlay-gradient":""},"mobile":{"background-color":"var(--ast-global-color-5)","background-image":"","background-repeat":"repeat","background-position":"center center","background-size":"auto","background-attachment":"scroll","background-type":"","background-media":"","overlay-type":"","overlay-color":"","overlay-gradient":""}},"footnotes":""},"class_list":["post-174","page","type-page","status-publish","hentry"],"_links":{"self":[{"href":"https:\/\/www.iso2000-fermetures.com\/index.php\/wp-json\/wp\/v2\/pages\/174","targetHints":{"allow":["GET"]}}],"collection":[{"href":"https:\/\/www.iso2000-fermetures.com\/index.php\/wp-json\/wp\/v2\/pages"}],"about":[{"href":"https:\/\/www.iso2000-fermetures.com\/index.php\/wp-json\/wp\/v2\/types\/page"}],"author":[{"embeddable":true,"href":"https:\/\/www.iso2000-fermetures.com\/index.php\/wp-json\/wp\/v2\/users\/2"}],"replies":[{"embeddable":true,"href":"https:\/\/www.iso2000-fermetures.com\/index.php\/wp-json\/wp\/v2\/comments?post=174"}],"version-history":[{"count":8,"href":"https:\/\/www.iso2000-fermetures.com\/index.php\/wp-json\/wp\/v2\/pages\/174\/revisions"}],"predecessor-version":[{"id":345,"href":"https:\/\/www.iso2000-fermetures.com\/index.php\/wp-json\/wp\/v2\/pages\/174\/revisions\/345"}],"wp:attachment":[{"href":"https:\/\/www.iso2000-fermetures.com\/index.php\/wp-json\/wp\/v2\/media?parent=174"}],"curies":[{"name":"wp","href":"https:\/\/api.w.org\/{rel}","templated":true}]}}